{"id":403,"date":"2024-09-11T14:42:00","date_gmt":"2024-09-11T12:42:00","guid":{"rendered":"https:\/\/bibliodrama-gesellschaft.de\/wp\/?page_id=403"},"modified":"2024-09-12T13:59:55","modified_gmt":"2024-09-12T11:59:55","slug":"ekkehard-langbein","status":"publish","type":"page","link":"https:\/\/bibliodrama-gesellschaft.de\/wp\/ekkehard-langbein\/","title":{"rendered":"Ekkehard Langbein"},"content":{"rendered":"\n<div class=\"wp-block-cover alignfull is-light\" style=\"min-height:100vh;aspect-ratio:unset;\"><span aria-hidden=\"true\" class=\"wp-block-cover__background has-background-dim-100 has-background-dim\" style=\"background-color:#ffffff\"><\/span><div class=\"wp-block-cover__inner-container is-layout-flow wp-block-cover-is-layout-flow\">\n<div class=\"wp-block-media-text alignwide is-stacked-on-mobile is-vertically-aligned-center is-image-fill\" style=\"grid-template-columns:40% auto\"><figure class=\"wp-block-media-text__media\" style=\"background-image:url(https:\/\/bibliodrama-gesellschaft.de\/wp\/wp-content\/uploads\/2024\/09\/Ekkehard-Langbein.jpg);background-position:50% 50%\"><img loading=\"lazy\" decoding=\"async\" width=\"755\" height=\"787\" src=\"https:\/\/bibliodrama-gesellschaft.de\/wp\/wp-content\/uploads\/2024\/09\/Ekkehard-Langbein.jpg\" alt=\"Ekkehard Langbein, l\u00e4chelnd vor einer wei\u00dfen Wand.\" class=\"wp-image-474 size-full\" srcset=\"https:\/\/bibliodrama-gesellschaft.de\/wp\/wp-content\/uploads\/2024\/09\/Ekkehard-Langbein.jpg 755w, https:\/\/bibliodrama-gesellschaft.de\/wp\/wp-content\/uploads\/2024\/09\/Ekkehard-Langbein-288x300.jpg 288w\" sizes=\"auto, (max-width: 755px) 100vw, 755px\" \/><\/figure><div class=\"wp-block-media-text__content\">\n<p class=\"has-text-color\" style=\"color:#000000;font-size:clamp(14px, 0.875rem + ((1vw - 3.2px) * 0.313), 17px);\"><strong>Name<\/strong>: Ekkehard Langbein<br><strong>Geburtsjahr: <\/strong>1952<\/p>\n\n\n\n<p><strong>Berufsausbildung<\/strong>: Ev. Pastor, und Spiel- und Theaterp\u00e4dagoge<\/p>\n\n\n\n<p><strong>Ausbildung in Bibliodramaleitung<\/strong>: Bibeltheater bei Ellen Kubitza, Reinhard H\u00fcbner, K\u00f6rperlernen bei Ellen Kubitza, Dorothea J\u00f6llenbeck<\/p>\n\n\n\n<p><strong>Zus\u00e4tzliche Ausbildungen, Qualifikationen<\/strong>: Ausbildung zum Spiel- und Theaterp\u00e4dagogen beim Burckhardthaus,Ltg: Christoph Riemer; Playing arts, Ltg.: Rainer Buland; Professioneller Coach, Ltg. J. Spincke<\/p>\n\n\n\n<p><strong>Bibliodramatisches Profil<\/strong>: Spiel- und Theaterp\u00e4dagogisch orientiert<\/p>\n\n\n\n<p><strong>Interesse<\/strong>: \u00e4sthetisch orientiertes, inszenatorisches Arbeiten sowie Maskentheater<\/p>\n\n\n\n<p><strong>Projekte<\/strong>: Diverse Bibeltheaterprojekte:&nbsp; u.a. Vier fast vergessene Geschichten vom Wind ( Expo Worpswede), \u00dcberg\u00e4nge- Projekt Maskentheater Hamburg, Elija am Horeb- Maskentheater auf dem Kirchentag DEKT Hamburg ( im Thalia-Theater), La cucina. Das verr\u00fcckte K\u00fcchenteam (mit der Vorwerker Diakonie beim Maskenkarneval Bremen)<\/p>\n\n\n\n<p><strong>Workshopleitung in folgenden Sprachen m\u00f6glich<\/strong>: deutsch, englisch, (nur bedingt auch) italienisch<\/p>\n\n\n\n<p class=\"has-text-color\" style=\"color:#000000;font-size:clamp(14px, 0.875rem + ((1vw - 3.2px) * 0.313), 17px);\"><strong>Kontakt<\/strong>:<br>Adresse: M\u00fchlenweg 42, 23909 Ratzeburg<br>Telefon: 04541 896301<br>E-Mail-Adresse:&nbsp; <a href=\"mailto:ekkehardlangbein@mail.de\">ekkehardlangbein@mail.de<\/a><br>Internetseite: <a href=\"http:\/\/www.bibeltheater.net\">www.bibeltheater.net<\/a><\/p>\n<\/div><\/div>\n<\/div><\/div>\n\n\n\n<p><\/p>\n","protected":false},"excerpt":{"rendered":"","protected":false},"author":1,"featured_media":0,"parent":0,"menu_order":0,"comment_status":"closed","ping_status":"closed","template":"","meta":{"footnotes":""},"class_list":["post-403","page","type-page","status-publish","hentry"],"_links":{"self":[{"href":"https:\/\/bibliodrama-gesellschaft.de\/wp\/wp-json\/wp\/v2\/pages\/403","targetHints":{"allow":["GET"]}}],"collection":[{"href":"https:\/\/bibliodrama-gesellschaft.de\/wp\/wp-json\/wp\/v2\/pages"}],"about":[{"href":"https:\/\/bibliodrama-gesellschaft.de\/wp\/wp-json\/wp\/v2\/types\/page"}],"author":[{"embeddable":true,"href":"https:\/\/bibliodrama-gesellschaft.de\/wp\/wp-json\/wp\/v2\/users\/1"}],"replies":[{"embeddable":true,"href":"https:\/\/bibliodrama-gesellschaft.de\/wp\/wp-json\/wp\/v2\/comments?post=403"}],"version-history":[{"count":3,"href":"https:\/\/bibliodrama-gesellschaft.de\/wp\/wp-json\/wp\/v2\/pages\/403\/revisions"}],"predecessor-version":[{"id":492,"href":"https:\/\/bibliodrama-gesellschaft.de\/wp\/wp-json\/wp\/v2\/pages\/403\/revisions\/492"}],"wp:attachment":[{"href":"https:\/\/bibliodrama-gesellschaft.de\/wp\/wp-json\/wp\/v2\/media?parent=403"}],"curies":[{"name":"wp","href":"https:\/\/api.w.org\/{rel}","templated":true}]}}

<div class="wp-block-cover alignfull is-light" style="min-height:100vh;aspect-ratio:unset;"><span aria-hidden="true" class="wp-block-cover__background has-background-dim-100 has-background-dim" style="background-color:#ffffff"></span><div class="wp-block-cover__inner-container is-layout-flow wp-block-cover-is-layout-flow">
<div class="wp-block-media-text alignwide is-stacked-on-mobile is-vertically-aligned-center is-image-fill" style="grid-template-columns:40% auto"><figure class="wp-block-media-text__media" style="background-image:url(https://bibliodrama-gesellschaft.de/wp/wp-content/uploads/2024/09/Ekkehard-Langbein.jpg);background-position:50% 50%"><img loading="lazy" decoding="async" width="755" height="787" src="https://bibliodrama-gesellschaft.de/wp/wp-content/uploads/2024/09/Ekkehard-Langbein.jpg" alt="Ekkehard Langbein, lächelnd vor einer weißen Wand." class="wp-image-474 size-full" srcset="https://bibliodrama-gesellschaft.de/wp/wp-content/uploads/2024/09/Ekkehard-Langbein.jpg 755w, https://bibliodrama-gesellschaft.de/wp/wp-content/uploads/2024/09/Ekkehard-Langbein-288x300.jpg 288w" sizes="auto, (max-width: 755px) 100vw, 755px" /></figure><div class="wp-block-media-text__content">
<p class="has-text-color" style="color:#000000;font-size:clamp(14px, 0.875rem + ((1vw - 3.2px) * 0.313), 17px);"><strong>Name</strong>: Ekkehard Langbein<br><strong>Geburtsjahr: </strong>1952</p>



<p><strong>Berufsausbildung</strong>: Ev. Pastor, und Spiel- und Theaterpädagoge</p>



<p><strong>Ausbildung in Bibliodramaleitung</strong>: Bibeltheater bei Ellen Kubitza, Reinhard Hübner, Körperlernen bei Ellen Kubitza, Dorothea Jöllenbeck</p>



<p><strong>Zusätzliche Ausbildungen, Qualifikationen</strong>: Ausbildung zum Spiel- und Theaterpädagogen beim Burckhardthaus,Ltg: Christoph Riemer; Playing arts, Ltg.: Rainer Buland; Professioneller Coach, Ltg. J. Spincke</p>



<p><strong>Bibliodramatisches Profil</strong>: Spiel- und Theaterpädagogisch orientiert</p>



<p><strong>Interesse</strong>: ästhetisch orientiertes, inszenatorisches Arbeiten sowie Maskentheater</p>



<p><strong>Projekte</strong>: Diverse Bibeltheaterprojekte:&nbsp; u.a. Vier fast vergessene Geschichten vom Wind ( Expo Worpswede), Übergänge- Projekt Maskentheater Hamburg, Elija am Horeb- Maskentheater auf dem Kirchentag DEKT Hamburg ( im Thalia-Theater), La cucina. Das verrückte Küchenteam (mit der Vorwerker Diakonie beim Maskenkarneval Bremen)</p>



<p><strong>Workshopleitung in folgenden Sprachen möglich</strong>: deutsch, englisch, (nur bedingt auch) italienisch</p>



<p class="has-text-color" style="color:#000000;font-size:clamp(14px, 0.875rem + ((1vw - 3.2px) * 0.313), 17px);"><strong>Kontakt</strong>:<br>Adresse: Mühlenweg 42, 23909 Ratzeburg<br>Telefon: 04541 896301<br>E-Mail-Adresse:&nbsp; <a href="mailto:ekkehardlangbein@mail.de">ekkehardlangbein@mail.de</a><br>Internetseite: <a href="http://www.bibeltheater.net">www.bibeltheater.net</a></p>
</div></div>
</div></div>



<p></p>
